00
In base 14, what is ad943 + 20?
ad963
In base 4, what is -10021 + -103331300?
-110001321
In base 14, what is -23ad + -304?
-26b3
In base 2, what is -101 - -10111001101001110110101?
10111001101001110110000
In base 9, what is -1052 + 510?
-442
In base 12, what is 305b24 - 85?
305a5b
In base 10, what is 5891895 + 10?
5891905
In base 9, what is -614050 + -31?
-614081
In base 13, what is -10 - c20c3?
-c2103
In base 4, what is -33 + -1113321212121?
-1113321212220
In base 3, what is 10002 - -22000101212?
22000111221
In base 13, what is 5 - -1c8274b?
1c82753
In base 13, what is 858ba + -cc?
857bb
In base 2, what is -1110100100101 + -10101001100?
-10001001110001
In base 15, what is 1a781 - 55?
1a72b
In base 11, what is 228033876 + 2?
228033878
In base 4, what is 1222200 - -2011201?
3300001
In base 2, what is -1010001 - 1010010101000000?
-1010010110010001
In base 12, what is -86 - -128801?
128737
In base 16, what is 1ad6fcd - 3?
1ad6fca
In base 5, what is 2112031 + -1243112?
313414
In base 2, what is 11 + 10101001011111000010001010?
10101001011111000010001101
In base 13, what is 635b + 614?
6972
In base 7, what is -16 - 43515031?
-43515050
In base 3, what is 20201102221210211121 - -12?
20201102221210211210
In base 2, what is 11 - 10010001000100110010110111010?
-10010001000100110010110110111
In base 8, what is 772545 - 32?
772513
In base 15, what is -80 + a9ccc?
a9c4c
In base 7, what is -41606033 - 1?
-41606034
In base 11, what is 39 - 241a9?
-24170
In base 16, what is 9453dc2e + -5?
9453dc29
In base 9, what is 1 + 28323326?
28323327
In base 5, what is -10001231242 + -3?
-10001231300
In base 13, what is 54ccb + -18?
54cb3
In base 16, what is -242 + -3dad?
-3fef
In base 3, what is 1212110201221 - -1222?
1212110210220
In base 10, what is -1324 + 43799?
42475
In base 9, what is 563378 - -20?
563408
In base 11, what is -17 + 2a64590?
2a64574
In base 13, what is 256577 - 8?
25656c
In base 16, what is 11 - 7a236?
-7a225
In base 7, what is -110504300 - 4?
-110504304
In base 12, what is -148b60 + 37?
-148b25
In base 14, what is -498ca0 + -6?
-498ca6
In base 2, what is -111011 + -11111010110010111?
-11111010111010010
In base 8, what is 3206165263 - -1?
3206165264
In base 16, what is 22 - 66bd?
-669b
In base 8, what is -15 + -624326?
-624343
In base 9, what is 327857 + 111?
328068
In base 14, what is -34c - -163d?
12d1
In base 6, what is 10410 - 421355?
-410545
In base 9, what is 218 + 80607?
80826
In base 12, what is 24a5 - 6ab?
19b6
In base 16, what is -39 + -1869b?
-186d4
In base 3, what is 1120020122010202 - 22?
1120020122010110
In base 10, what is -490 - 919?
-1409
In base 7, what is -4 + -116404?
-116411
In base 2, what is 10 + 101001100001111111000?
101001100001111111010
In base 6, what is -3105432 - 23045?
-3132521
In base 2, what is -1001110000 - 110110001000000?
-110111010110000
In base 5, what is -1042412310340 + -1?
-1042412310341
In base 8, what is -163 - -14044?
13661
In base 11, what is -32035580 - -4?
-32035577
In base 7, what is 4 - -242552662?
242552666
In base 9, what is -3578653 + 3?
-3578650
In base 6, what is 5234 - -1512540?
1522214
In base 12, what is -4b981 - -699?
-4b2a4
In base 14, what is -205c34a6 + -4?
-205c34aa
In base 12, what is -9b + b4032b?
b40250
In base 14, what is 1da0c98b + 3?
1da0c990
In base 2, what is -101010111001 + 10011111101?
-10110111100
In base 16, what is 4fe23ec - 5?
4fe23e7
In base 14, what is 2 - -1525960?
1525962
In base 6, what is 111530 + 103341?
215311
In base 11, what is -3872 - 100?
-3972
In base 16, what is 6bdfb88 + d?
6bdfb95
In base 14, what is -9 - -12820d?
128204
In base 4, what is -13 + -11021230031?
-11021230110
In base 8, what is -50376417 - -3?
-50376414
In base 13, what is -12c004 - -105?
-12bbcc
In base 11, what is 1822aa02 - 2?
1822aa00
In base 14, what is -173a - -a87b9?
a707d
In base 9, what is 48 - -274463?
274522
In base 15, what is 5 + 20301a?
203020
In base 8, what is -31 - -15667?
15636
In base 15, what is -d5e - -16e0?
881
In base 12, what is -3864708 - 36?
-3864742
In base 9, what is -1 + 1333531?
1333530
In base 4, what is 110113331113 - -320?
110113332033
In base 5, what is -244014323 - 44?
-244014422
In base 2, what is 101 + 1100010010101000101000?
1100010010101000101101
In base 5, what is -204420 + -40040?
-300010
In base 11, what is 2 + 8898307?
8898309
In base 2, what is 10110101110001110000101 + -1?
10110101110001110000100
In base 6, what is -15 + -4345512224?
-4345512243
In base 4, what is -223210213 - -102312?
-223101301
In base 15, what is -1656a - d1?
-1664b
In base 12, what is -1504b932 + 0?
-1504b932
In base 2, what is -110100100001111000101 + 0?
-110100100001111000101
In base 9, what is -4361573 + 11?
-4361562
In base 11, what is -3 - -56356327?
56356324
In base 9, what is 430503 + -171?
430322
In base 2, what is -1000 + 111110011101101010101?
111110011101101001101
In base 9, what is -4 - -455356754?
455356750
In base 16, what is 4 + 2e772?
2e776
In base 5, what is -102244 - 20402001?
-21004300
In base 11, what is -600a + 12713?
7704
In base 3, what is 120 + 102120122102000?
102120122102120
In base 2, what is 10 + -11010110010101110111110?
-11010110010101110111100
In base 14, what is 250d1 + 167?
25258
In base 12, what is -38 - -13164?
13128
In base 2, what is -101100110010010000101 + 0?
-101100110010010000101
In base 9, what is -174404 - 7423?
-182827
In base 10, what is 1279066 + -7?
1279059
In base 4, what is -21020001 + 211?
-21013130
In base 4, what is -1031310030 + -210013?
-1032120103
In base 5, what is -244031040 - 403?
-244031443
In base 8, what is 22 - 11326276?
-11326254
In base 9, what is -43311360 - 3?
-43311363
In base 14, what is -265537a8 - 3?
-265537ab
In base 14, what is 33d0298 - -2?
33d029a
In base 13, what is 5 - -2869984?
2869989
In base 5, what is 131033222 + 1004?
131034231
In base 6, what is -201254314 + -203?
-201254521
In base 14, what is 0 - -315372?
315372
In base 4, what is -120023310 + -1201330?
-121231300
In base 3, what is 110000 + 212001211?
212111211
In base 8, what is 7 - -4435304?
4435313
In base 9, what is 458585 - 2?
458583
In base 8, what is 13 - -4323650?
4323663
In base 3, what is 1000110111122 - 121?
1000110111001
In base 7, what is 1356 - 40321?
-35632
In base 14, what is -8 - -5d2b8d?
5d2b85
In base 4, what is 3013331033 - -2102?
3013333201
In base 12, what is -3a631aa + -8?
-3a631b6
In base 8, what is -11014 + -4233?
-15247
In base 2, what is -101011001110110110000101 + -100?
-101011001110110110001001
In base 9, what is 1462068 + -54?
1462014
In base 12, what is 1 + 4049a56?
4049a57
In base 12, what is -5 + -7592103?
-7592108
In base 6, what is 121030135 - 14?
121030121
In base 11, what is -85079 - -59?
-85020
In base 12, what is 5 + -28a4755?
-28a4750
In base 16, what is -18c17d2 + -3?
-18c17d5
In base 13, what is -450920 - -3?
-45091a
In base 13, what is 1609 + -1b96?
-58a
In base 14, what is ad29a2 + 3?
ad29a5
In base 14, what is -b - -27bb480?
27bb473
In base 6, what is 0 - 514111302?
-514111302
In base 11, what is -60a97a - 0?
-60a97a
In base 11, what is -4a88 - 6357?
-10334
In base 6, what is -2 + 455502030?
455502024
In base 8, what is 32434 - 550?
31664
In base 3, what is 212212002010111 + 1?
212212002010112
In base 7, what is 6 - -6001150?
6001156
In base 6, what is -2454 + 4120313?
4113415
In base 11, what is 432428a - 3?
4324287
In base 12, what is 5 - 599976?
-599971
In base 10, what is -46080635 + 7?
-46080628
In base 8, what is 34 - 30756620?
-30756564
In base 11, what is -281360 + aa?
-281261
In base 3, what is 1 + -11101210011110101?
-11101210011110100
In base 14, what is -4 - -da03846?
da03842
In base 11, what is -292 - -16804?
16522
In base 9, what is 47022 - 2380?
44532
In base 11, what is 54953 - 4464?
5049a
In base 16, what is af - -1eea4?
1ef53
In base 11, what is -3284886 + -10?
-3284896
In base 16, what is a204fa - -1?
a204fb
In base 3, what is 102010201021 - -1111?
102010202202
In base 13, what is -15 - -36a5a6?
36a591
In base 11, what is -118 + -23082?
-2319a
In base 9, what is 628 - -14822?
15551
In base 3, what is -212 - 220102121001201?
-220102121002120
In base 9, what is -2837171 - -60?
-2837111
In base 16, what is 4 - 357290?
-35728c
In base 11, what is 3 - -212418?
212420
In base 10, wha